 0. Let o(v) = v**3 + 8*v**2 + 9*v - 5. Let g be o(-7). Let m = g + 31. Calculate the remainder when h is divided by m.
11
Let r(p) = p**3 + 6*p**2 - 5*p - 5. Let v = -1625 + 1637. Calculate the remainder when r(-5) is divided by v.
9
Let b(x) = -x**2 + 10*x + 4. Let s be b(10). Suppose -1 = -j, -1 = -4*t - s*j - 97. Let g = -12 - t. Calculate the remainder when 101 is divided by g.
10
Suppose 0 = -2*o - 5*t + 33, 2*t - 14 - 19 = -3*o. Suppose -16*q - 12 = -92. What is the remainder when o is divided by q?
4
Let d(t) = -t**3 - 8*t**2 + 6*t + 2. Let s(x) = -3*x**3 - 23*x**2 + 17*x + 5. Let v(g) = -11*d(g) + 4*s(g). Calculate the remainder when v(-5) is divided by 4.
1
Calculate the remainder when 383 is divided by ((-6)/(-4))/(3/32).
15
Let h = 13 - 8. Suppose -4*x + 16 = 0, h*a - 190 = 5*x + 155. Calculate the remainder when a is divided by 15.
13
Let t = -5 + 33. Let q be 202/14 + (-60)/(-105). Suppose -q + 231 = 2*k. Calculate the remainder when k is divided by t.
24
Let v = 196 + -145. Calculate the remainder when v is divided by 14.
9
Let v(k) = 8*k**2 - 69*k + 205. Calculate the remainder when v(3) is divided by 5.
0
What is the remainder when (44/2)/(11/((-132)/(-8))) is divided by 22?
11
Let l(d) = 4*d**2 + 26*d - 62. Let o(a) = -3*a**2 - 25*a + 62. Let c(j) = 2*l(j) + 3*o(j). Calculate the remainder when 12 is divided by c(-25).
0
Suppose 210 = -2*s - 0*s. Let g = 13 - s. Calculate the remainder when g is divided by 30.
28
Let p = -46 + 93. What is the remainder when 58 is divided by p?
11
Let j(v) = -4 + 3 - 6 + 9*v. What is the remainder when j(11) is divided by 32?
28
Suppose -2*w = 3*m - 10, 3 + 1 = m. Calculate the remainder when 54/72 - 514/(-8) is divided by -1 - (-1 + w - 16).
14
Let l(b) = 2*b**2 + b - 97. Calculate the remainder when 584 is divided by l(8).
38
Let u be ((-12)/(-8))/((-2)/(-4)). Let d(w) = w + 17. What is the remainder when u/(-2)*348/(-18) is divided by d(-7)?
9
Let y = 2608 - 1575. Calculate the remainder when y is divided by 69.
67
Let g = -32 + 30. What is the remainder when g/16*2*-388 is divided by 25?
22
Let y(p) = p + 8. Let t be y(-6). Suppose -6 - 4 = t*h. Let r = h - -12. Calculate the remainder when 13 is divided by r.
6
Suppose 1 = 5*d - 4, -197 = 3*f - 5*d. Let j = -48 - f. Calculate the remainder when 29 is divided by j.
13
Let n(y) = y**3 + 2*y**2 - 4*y + 3. What is the remainder when n(2) is divided by (14/(-6))/((-4)/12)?
4
Let m(y) = y**2 + 15*y + 42. Calculate the remainder when m(-18) is divided by 50.
46
Let b be (3/(-2))/3*-40. Suppose -2*x + 4*k = 8*k - b, 4*x + 3*k = 30. Calculate the remainder when 17 is divided by x.
5
Let r(a) = 2*a + 14. Let v(b) = 3*b + 3. Let m be v(-3). Let j be r(m). What is the remainder when (-664)/(-20) - j/10 is divided by 9?
6
Let j(n) = n**3 + n**2 + 2*n + 2. Let z be j(0). What is the remainder when 80 is divided by (-2)/(-1) - 4 - (z + -31)?
26
Let t be (-16)/3 + 4/(-6). Let x = t - -6. Suppose -3*a - 2*a - 2*q + 108 = x, -a = -3*q - 8. Calculate the remainder when 37 is divided by a.
17
Suppose 2*z - 38 + 8 = -4*f, -3*z + 2*f = -5. Suppose -33 = -z*j + 102. Calculate the remainder when 107 is divided by j.
26
Suppose -30 = 189*a - 192*a. Suppose -5*s - 15 = 0, -3*s + 154 + 74 = 3*k. What is the remainder when k is divided by a?
9
Let d(z) be the third derivative of -z**5/60 + 11*z**4/24 - z**3 + 29*z**2 - 2*z. What is the remainder when (-406)/(-8) + (-1)/(-4) is divided by d(3)?
15
Let j(i) = 28*i - 7. Let a be j(2). Suppose 2*n + 7 = a. What is the remainder when n is divided by 8?
5
Let o = 14 + -9. Let q be -4 + 0 + (o - -8). What is the remainder when (3/q)/(1/27) is divided by 2?
1
Let h(j) = 2*j**2 - 9*j - 58. Let l = 36 - 24. Suppose -3*t + 2*c + 34 = -0*t, t - l = c. What is the remainder when h(-5) is divided by t?
7
Suppose -5*n + 399 = 3*r, 37 = -2*n + 5*r + 178. Calculate the remainder when n is divided by 6.
0
Suppose -678*h = -683*h + 1160. Calculate the remainder when h is divided by (-6)/9*(-1 - 38).
24
Let c be -2 - 1 - (0 + 0 + -5). Let w = 9 + -8. What is the remainder when (1/(4/32))/c is divided by w?
0
Let b(k) = k**2 - k + 1. Suppose -159 + 183 = 3*s. What is the remainder when b(4) is divided by s?
5
Let n = -96 + 75. Let y(l) = l**2 + 17*l + 9. Calculate the remainder when y(n) is divided by 5.
3
Calculate the remainder when 164/6 + (-6)/(-9) is divided by -6*(10 - (0 + 11)).
4
Let v(l) be the third derivative of l**5/30 + l**4/24 + 4*l**3/3 + 3*l**2. What is the remainder when 86 is divided by v(4)?
42
Let t(y) = y**3 + 13*y**2 + 26*y - 4. What is the remainder when 88 is divided by t(-10)?
16
Let l(v) = -20*v + 390. Calculate the remainder when 987 is divided by l(19).
7
Let g = 144 - 77. Suppose g = 3*h + 4*t, -3*t - 48 = -4*h + 2*t. What is the remainder when 33 is divided by h?
16
Let h(j) = 22*j - 17. Let m be h(6). Suppose 7*z + m = 444. Calculate the remainder when z is divided by 6.
5
Let n(i) = i**3 - 4*i**2 + 3*i - 2. Let q = -141 + 145. Suppose 4*u - 15 = -q*w + 13, 2*w = -u + 10. What is the remainder when n(4) is divided by u?
2
Calculate the remainder when ((-1386)/385)/(4/(-390)) is divided by 90.
81
Suppose 3*q = -q - 336. Suppose 2*a + 0*a = 22. Calculate the remainder when ((-80)/14)/(24/q) is divided by a.
9
Let b be 8/(-2) - (2 - (14 + -5)). Suppose -4*m - 60 + 196 = 0. Suppose b*d - m = d. Calculate the remainder when 47 is divided by d.
13
Suppose 3*s + 2*s - 245 = 0. Suppose -s = -3*r + 86. Suppose 3*m - 8*m + r = 0. What is the remainder when m is divided by 5?
4
Let y = -54 - -23. Let c = -26 - y. Calculate the remainder when 13 is divided by c.
3
Let h(q) = 2*q - 2. Suppose -3*l + 28 = z, 2*l - 4*z - 75 = -3*l. Calculate the remainder when h(l) is divided by 12.
8
Let i be (-12)/30 + (-606)/10. Let t = 69 + i. Calculate the remainder when 45 is divided by t.
5
Let o be (2 + (-1606)/(-4))*(-8 + 10). Suppose -17*v + 14*v + o = 0. What is the remainder when v is divided by 17?
14
Let j(p) = p**3 - 9*p**2 + 8*p + 4. Let o be j(8). Suppose o*q + q = -40. Let w = q - -12. What is the remainder when 14 is divided by w?
2
Let l = 280 + -102. Calculate the remainder when l is divided by 46.
40
Let c be 1 + -3 + -110 + -3. Let j = -71 - c. Suppose 5*r - 5 = 0, 3*r - 48 = -6*m + 3*m. What is the remainder when j is divided by m?
14
Let u = -352 + 375. What is the remainder when 124 is divided by u?
9
What is the remainder when (-89)/(-7) - 2/(-7) is divided by (-14)/(-4)*-1*1*-2?
6
Suppose -i = z - 2*z, 4*i = -5*z. Suppose 5*m - 4*o - 43 - 3 = z, m - 4*o = 6. Let s = 10 - -6. What is the remainder when s is divided by m?
6
Suppose x - 2*f = -x + 18, x = -3*f + 17. What is the remainder when 106 is divided by x?
7
Let q(o) = -o**2 + 70*o - 440. Let r = -4 - -2. What is the remainder when (-4)/r*(-2)/(-4) is divided by q(7)?
0
Let x(c) = -c**2 - 13*c + 9. Let u be x(-6). Let l = 79 - u. What is the remainder when 79 is divided by l?
23
Let u(w) = w**3 - 10*w**2 - 17*w + 2. Let g(y) = 4*y**3 - 31*y**2 - 51*y + 7. Let p(v) = -2*g(v) + 7*u(v). Calculate the remainder when p(-7) is divided by 26.
18
Suppose -g + 4*i = 5*i - 106, -5*g + 4*i = -485. What is the remainder when g is divided by 37?
27
Suppose 33*y = 35*y - 70. What is the remainder when y is divided by 15?
5
Let o(q) = 7*q**3 + q**2 - 4*q + 3. Let f(c) = -7*c + 2. Let v be f(0). Calculate the remainder when o(v) is divided by 1 + 1 - (-3 + -9).
13
Let a = 1740 - 1709. What is the remainder when 168 is divided by a?
13
What is the remainder when -13*1*(0 - (4 - -2)) is divided by 5?
3
Let j(l) = -l + 2. Let r be j(-2). Suppose -r*d = d - 90. What is the remainder when 35 is divided by d?
17
Suppose 3*s - 2*l - 343 = 0, 2*s - 247 = -0*s + 5*l. Calculate the remainder when 436 is divided by s.
103
Let t = -11 + 38. Let d = 104 + 1. Calculate the remainder when d is divided by t.
24
Suppose 2*v = -5*y + 16, -3*v + v + 4 = -y. Calculate the remainder when 77 is divided by (-52)/(-12)*-4*(-3)/y.
25
Let k = -108 + 112. Calculate the remainder when ((-4)/(-10))/((-2)/(-20)) is divided by k.
0
Let n be -1 + (2 - -1) + 8. Let q be (n/(-8))/(3/(-300)). Calculate the remainder when 73 is divided by (-4)/1*q/(-20).
23
Let h = 71 - 68. Let p be (-2 + 6/4)*-2. What